ghest common factor of g and q?
14
Suppose 5*f - 185 = 5*o, 3*o - 10 + 1 = 0. Suppose -w + 3*w = f. What is the greatest common divisor of 30 and w?
10
Let z be 6 - 7 - (-1 - 16). What is the highest common divisor of z and 144?
16
Suppose 4*j = -4, 4*j - 241 = -4*b - 33. Let i = b + -17. Let n be ((-2)/3)/((-2)/i). Calculate the highest common divisor of 36 and n.
12
Suppose 2*w - 22 = -6. Suppose 0 = -7*g + w*g - 55. What is the highest common factor of g and 11?
11
Let c(t) = 7*t**3 - 2*t**2 + 2*t. Let a be c(1). What is the greatest common divisor of a and 63?
7
Suppose 3*h = -h + 12. Let r(j) = -2*j**2 - j**2 + j + 2*j**2 + 7*j + 11. Let k be r(9). What is the highest common factor of h and k?
1
Let m(y) = -8*y + 9. Let r be m(5). Let g = r + 73. Calculate the highest common divisor of 6 and g.
6
Suppose -3*g + 24 = g. Suppose 12 = 4*x - x. Suppose 3*c - 4*c = -t + 37, 3*t - 106 = x*c. Calculate the highest common divisor of t and g.
6
Suppose 0*m - 45 = -5*m. Let u(a) = -8*a**3 + 3*a**2 + 2*a. Let l be 4/(2/(-1)) + 0. Let v be u(l). What is the greatest common divisor of v and m?
9
Let x = 78 - 46. Calculate the highest common divisor of x and 48.
16
Let k be (2 - 1)*56/4. Suppose 0*i + 283 = 2*h + 5*i, -h - 2*i = -144. Calculate the highest common divisor of h and k.
14
Let c(u) = u**2 - 5*u - 12. Let g be c(10). Let t = -26 + g. What is the greatest common factor of 36 and t?
12
Suppose -86 = -2*y + 3*z - z, 3*y - 135 = 5*z. Calculate the greatest common factor of 30 and y.
10
Suppose q = 7 + 13. Suppose 2*k = -0*k. Suppose 2*b + 9 = 2*z - 11, b = k. What is the greatest common factor of q and z?
10
Let r = -6 + 23. Let f be (-109)/(-4) - 1/4. Let i = 44 - f. Calculate the greatest common factor of r and i.
17
Let v be 332/10 + (-2)/10. Suppose 4*p = -5*y - 0*p + 47, 0 = -3*y - 2*p + 29. What is the greatest common factor of y and v?
11
Suppose 3*c - 16 + 1 = 0. Suppose -272 = -c*v + 2*i, -i = 2*v - 3*i - 104. Calculate the highest common divisor of v and 14.
14
Let y = -355 - -369. Let x = -2 - -1. Let a be (-9 + 4/2)*x. Calculate the greatest common divisor of a and y.
7
Let q be 624/(-65)*(-30)/4. Calculate the highest common divisor of q and 8.
8
Let l(b) = b - 2. Let w be l(2). Suppose w = -5*o, 5*z + 4*o - 3*o = 100. What is the greatest common factor of 220 and z?
20
Let y be -2 - (-724 - (3 + -5)). Suppose 4*a + 3*n = y, -6*a - 5*n = -a - 905. Let w = -87 + a. Calculate the highest common divisor of w and 9.
9
Suppose -5*u + 27 = -2*b, 5*b - 5 = 3*u - 6. Suppose 0 = -3*d + u*d - 16. Calculate the highest common factor of d and 10.
2
Suppose m = -3*y + 4*m - 15, -25 = -5*m. Let o = y - 2. Let h be 26 + (-2 - 0)/o. What is the greatest common divisor of h and 3?
3
Suppose 46 = 7*c - 10. Let m(g) = g**3 - 7*g**2 + 7*g + 7. Let d be m(7). Calculate the highest common factor of d and c.
8
Suppose t - 312 = -2*t. Let n(c) = -c**2 + 13*c - 14. Let i be n(10). Suppose 49 = 5*v - i. Calculate the highest common factor of v and t.
13
Suppose 5*a + 0*a = 60. Let v(s) = 18*s**2 - s - 1. Let h be v(-1). What is the highest common factor of a and h?
6
Suppose 0*d - 1 = d. Let n = d - -6. Suppose -4*w = -u - 9*w - 5, -5 = -3*u - 5*w. Calculate the greatest common divisor of u and n.
5
Let p(z) = -z**3 - 2*z**2 + 2*z + 5. Let w be p(-3). Calculate the greatest common factor of 2 and w.
2
Let r(q) = 2*q**2 + 3*q + 7. Let m be r(-3). What is the highest common factor of m and 112?
16
Let u(r) = r + 9. Let o be u(2). What is the greatest common divisor of o and 55?
11
Let w(p) = -p**2 + 5*p - 2. Let j be w(5). Let x be (2/3)/(j/(-9)). Calculate the greatest common divisor of x and 12.
3
Suppose -109 - 35 = -2*j. Suppose -s = -p - 14, p - 5*p + 79 = 5*s. Let l = s + 3. Calculate the greatest common divisor of j and l.
18
Let v be 2/8 - 70/(-8). Suppose 2*o - 4*g - 10 = 7*o, 4*o + 3*g + 8 = 0. Let w be (-436)/(-6) - o/(-3). What is the greatest common factor of v and w?
9
Suppose 4*w - a - 83 = 2*a, 4*w = -a + 79. Suppose w = 2*l + 3*l. Let d be 2834/65 + (-2)/(-5). What is the greatest common factor of d and l?
4
Suppose 0 = 5*i - 2 - 3. Suppose -7 = -g - i. What is the highest common divisor of 66 and g?
6
Let v be (-2474)/14 - 2/7. Let g = 3 + -18. Let b = g - v. Calculate the greatest common factor of b and 18.
18
Suppose -6 = -m + 17. What is the greatest common divisor of 23 and m?
23
Let j(d) = 6*d**2 - 4*d - 7. Let l be j(-2). Calculate the highest common factor of l and 5.
5
Let v(x) = 4*x**2. Let i be v(3). Suppose 3*j + 9 = -i. Let u = -5 - j. Calculate the greatest common divisor of 25 and u.
5
Let a be 4 + (20 + 1)*1. Calculate the highest common divisor of a and 25.
25
Suppose 0 = 3*o + 30 - 408. Calculate the greatest common divisor of 18 and o.
18
Let t be 20/9 + 2/(-9). Suppose -3*z + 4*w - 7 = 0, 6 = -z - w + 13. Suppose t*l - 40 = -z*l. What is the highest common factor of l and 16?
8
Let b = -2 - -4. Let n be (8/3)/(2/3). Suppose -n*x = b*o + 5 - 1, 0 = 4*o - x - 37. What is the highest common factor of 16 and o?
8
Suppose 4*n + 0*n = 5*c + 129, -15 = -5*c. Suppose 4*y + 5*h - 345 = 0, 2*y + 2*h = -3*y + 444. What is the greatest common factor of n and y?
18
Let j(h) = 6*h + 6. Let n be j(2). Let k = 5 + -3. Calculate the highest common factor of n and k.
2
Let m(q) = q**3 + 5*q**2 + 2*q - 4. Let t be m(-4). Let b be (-534)/(-15) + 4/10. What is the highest common divisor of t and b?
4
Suppose 20*k - 16*k = 1064. What is the greatest common factor of 14 and k?
14
Let j(b) = -4*b - 4*b + 10*b + 13*b - 10. Let t be j(7). What is the highest common divisor of t and 19?
19
Suppose 0 = i - 5*w - 29, -4 = -3*w + 4*w. Suppose 0 = 4*k + 20, -2*x - 6*k + 2*k + 100 = 0. Suppose 2*v - 30 = x. What is the highest common factor of i and v?
9
Let p = -12 + 20. Let t be -3*(-2 - 8/(-6)). Suppose -c = -0*c - t. Calculate the greatest common factor of c and p.
2
Let k = 2 + 5. Let y(g) = -g - 1. Let z be y(-9). Let f = z + -1. Calculate the greatest common divisor of k and f.
7
Suppose 0*v + 5*o = 2*v - 229, 2*v - 3*o - 223 = 0. Suppose 4*a = 3*t - v, 4*t + 6 - 148 = 5*a. Calculate the greatest common factor of 3 and t.
3
Let i be 51 - (-3 + 3 + 0). Suppose -16 = m - i. Calculate the greatest common factor of 14 and m.
7
Let p(b) = b**3 - 6*b**2 - 12*b + 4. Let t be p(8). Let u(x) = 3*x - 5. Let v be u(7). Let r = 28 - v. What is the greatest common factor of r and t?
12
Suppose 4*b - 2*b - 4 = 0. Let n be 41*4/20 - (-3)/(-15). What is the highest common divisor of n and b?
2
Let w = -65 + 89. What is the greatest common factor of w and 48?
24
Suppose 6*l = i + l + 11, -3*l - 11 = -5*i. Calculate the highest common factor of 44 and i.
4
Let f(z) be the third derivative of 7*z**4/6 - 3*z**2. Let y = 8 + -6. Let g be f(y). Calculate the highest common factor of g and 14.
14
Let q = -13 + 53. Let i = 56 - 81. Let k = q - i. What is the greatest common factor of k and 13?
13
Let u(m) be the third derivative of m**4/8 - 3*m**2. Let a be u(-2). Let j = 9 + a. Calculate the greatest common divisor of j and 27.
3
Let h be 46 - (12 + -12)/(-3 - -1). Calculate the highest common divisor of 23 and h.
23
Suppose 133 + 146 = -3*w. Let p = w + 313. Let r be ((-7)/4)/((-5)/p). What is the highest common factor of r and 11?
11
Suppose -2*k - k + 31 = 5*i, 3*i + 3 = 0. Suppose -3*w - w + 12 = 0. Let p = k - w. What is the greatest common factor of 63 and p?
9
Let s = -18 - -36. Let h be 256/18 - 4/s. Calculate the greatest common divisor of h and 35.
7
Suppose -208 = -2*k - 3*u + 619, -2*u = -4*k + 1614. Suppose -4*x + k = -62. Let c be (-1)/((8/(-26))/4). Calculate the greatest common divisor of x and c.
13
Suppose -5*t + 3*t = -6. What is the highest common factor of 24 and t?
3
Suppose 3*p = -2*p + 60. Suppose -p = -q + 3. Calculate the highest common factor of q and 75.
15
Suppose n + 34 = -3*n + 2*p, 2*n + p + 27 = 0. Let b be n/(-5) + 1/(-5). What is the greatest common factor of 1 and b?
1
Let k(q) = q**3 + 2*q**2 + 1. Let l be k(-2). Suppose -2 = -2*s - 4. Let g be s/(l*2/(-24)). What is the highest common divisor of 36 and g?
12
Let b be (-52)/(-14) - 6/(-21). Let y be (-99)/(-15) - b/(-10). Calculate the greatest common divisor of 7 and y.
7
Let g